{"id":2,"date":"2025-09-17T12:41:46","date_gmt":"2025-09-17T12:41:46","guid":{"rendered":"https:\/\/lesviviersduhautvaldarly.fr\/?page_id=2"},"modified":"2026-05-11T13:43:38","modified_gmt":"2026-05-11T13:43:38","slug":"sample-page","status":"publish","type":"page","link":"https:\/\/lesviviersduhautvaldarly.fr\/","title":{"rendered":"Accueil"},"content":{"rendered":"\n<figure class=\"wp-block-image aligncenter size-full is-resized\"><img loading=\"lazy\" decoding=\"async\" width=\"450\" height=\"437\" src=\"https:\/\/lesviviersduhautvaldarly.fr\/wp-content\/uploads\/2025\/09\/logo-web-lesviviersduhautvaldarly.png\" alt=\"\" class=\"wp-image-8\" style=\"width:400px\" srcset=\"https:\/\/lesviviersduhautvaldarly.fr\/wp-content\/uploads\/2025\/09\/logo-web-lesviviersduhautvaldarly.png 450w, https:\/\/lesviviersduhautvaldarly.fr\/wp-content\/uploads\/2025\/09\/logo-web-lesviviersduhautvaldarly-300x291.png 300w\" sizes=\"auto, (max-width: 450px) 100vw, 450px\" \/><\/figure>\n\n\n\n<h1 class=\"wp-block-heading has-text-align-center has-text-color has-link-color wp-elements-7d32be963609a5a06204e46989e73499\" style=\"color:#24789c\">Les Viviers du Haut Val d&rsquo;Arly<\/h1>\n\n\n\n<h2 class=\"wp-block-heading has-text-align-center\">Production locale | Artisan fumeur | Produits transform\u00e9s<\/h2>\n\n\n\n<h3 class=\"wp-block-heading has-text-align-center\">Stockage et affinage de truite, saumon s\u00e9lectionn\u00e9<\/h3>\n\n\n\n<p class=\"has-text-align-center\">39 chemin de l&rsquo;armane 73590 La Giettaz<\/p>\n\n\n\n<div class=\"wp-block-buttons is-content-justification-center is-layout-flex wp-container-core-buttons-is-layout-a89b3969 wp-block-buttons-is-layout-flex\">\n<div class=\"wp-block-button is-style-outline is-style-outline--1\"><a class=\"wp-block-button__link wp-element-button\" href=\"tel:06 03 87 03 05\"><strong>06 03 87 03 05<\/strong><\/a><\/div>\n<\/div>\n\n\n\n<p class=\"has-text-align-center\"><a href=\"mailto:contact@lesviviersduhautvaldarly.fr\">contact@lesviviersduhautvaldarly.fr<\/a><\/p>\n\n\n\n<p><\/p>\n","protected":false},"excerpt":{"rendered":"<p>Les Viviers du Haut Val d&rsquo;Arly Production locale | Artisan fumeur | Produits transform\u00e9s Stockage et affinage de truite, saumon s\u00e9lectionn\u00e9 39 chemin de l&rsquo;armane 73590 La Giettaz contact@lesviviersduhautvaldarly.fr<\/p>\n","protected":false},"author":1,"featured_media":0,"parent":0,"menu_order":0,"comment_status":"closed","ping_status":"open","template":"","meta":{"footnotes":""},"class_list":["post-2","page","type-page","status-publish","hentry"],"_links":{"self":[{"href":"https:\/\/lesviviersduhautvaldarly.fr\/index.php\/wp-json\/wp\/v2\/pages\/2","targetHints":{"allow":["GET"]}}],"collection":[{"href":"https:\/\/lesviviersduhautvaldarly.fr\/index.php\/wp-json\/wp\/v2\/pages"}],"about":[{"href":"https:\/\/lesviviersduhautvaldarly.fr\/index.php\/wp-json\/wp\/v2\/types\/page"}],"author":[{"embeddable":true,"href":"https:\/\/lesviviersduhautvaldarly.fr\/index.php\/wp-json\/wp\/v2\/users\/1"}],"replies":[{"embeddable":true,"href":"https:\/\/lesviviersduhautvaldarly.fr\/index.php\/wp-json\/wp\/v2\/comments?post=2"}],"version-history":[{"count":7,"href":"https:\/\/lesviviersduhautvaldarly.fr\/index.php\/wp-json\/wp\/v2\/pages\/2\/revisions"}],"predecessor-version":[{"id":23,"href":"https:\/\/lesviviersduhautvaldarly.fr\/index.php\/wp-json\/wp\/v2\/pages\/2\/revisions\/23"}],"wp:attachment":[{"href":"https:\/\/lesviviersduhautvaldarly.fr\/index.php\/wp-json\/wp\/v2\/media?parent=2"}],"curies":[{"name":"wp","href":"https:\/\/api.w.org\/{rel}","templated":true}]}}